{"id":54,"date":"2015-06-02T14:22:27","date_gmt":"2015-06-02T12:22:27","guid":{"rendered":"http:\/\/www.frkryberg.dk\/?page_id=54"},"modified":"2016-02-17T22:15:09","modified_gmt":"2016-02-17T21:15:09","slug":"om-froeken-ryberg-2","status":"publish","type":"page","link":"https:\/\/www.frkryberg.dk\/index.php\/om-froeken-ryberg-2\/","title":{"rendered":"Om Fr\u00f8ken Ryberg"},"content":{"rendered":"<p>Fr\u00f8ken Ryberg referer til to fantastiske kvinder i mit liv. Min egen mormor som altid har st\u00f8tte mig og som jeg husker siddende i sin stol med h\u00e6klet\u00f8jet, mens vi talte i timevis. Hos hende fandt jeg altid ro og forst\u00e5else og det l\u00e5 hende meget p\u00e5 sinde at jeg brugte mine h\u00e6nder, fordi det var her jeg havde min styrke. Ligeledes var det hende, der for nogle \u00e5r tilbage, opfordrede mig til at f\u00e5 et viserum, som jeg i nutids form har tolket som en hjemmeside.<\/p>\n<p>Min egen mor, mine b\u00f8rns mormor, har st\u00e5et f\u00e5 min opl\u00e6ring i h\u00e5ndarbejde siden jeg var ganske lille. Fra jeg var 14 \u00e5r har jeg syet alt selv, for da syntes min mor ikke l\u00e6ngere, jeg beh\u00f8vede hende, som andet end vejleder. Som mange vil kunne genkende havde jeg ogs\u00e5 et ungdomsopr\u00f8r, i den periode fandt jeg det mere sp\u00e6ndende at kunne k\u00f8be ting og v\u00e6re som de andre. Jeg skulle i hvert fald ikke h\u00e5ndarbejdsn\u00f8rd, som min mor, men ikke desto mindre blev jeg i 2001 uddannet l\u00e6rer med linjefag i H\u00e5ndarbejde. De n\u00e6ste 13 \u00e5r underviste jeg p\u00e5 en efterskole i tekstildesign og n\u00f8d at se eleverne udfolde sig og finde deres personlige udtryk. I dag er h\u00e5ndarbejde ikke l\u00e6ngere en del af mit arbejdsliv og derfor er tiden kommet til at jeg skal udfolde mig selv. Fr\u00f8ken Ryberg har v\u00e6ret en mange \u00e5rig dr\u00f8m og jeg er stolt og glad over at have taget de f\u00f8rste skridt til min lille hobbyvirksomhed. Det kunne ikke v\u00e6re gjort uden min dejlig mand, der har b\u00e5ret over med lange aftener, taget ungerne p\u00e5 tur, s\u00e5 mor kunne sy og er PR ansvarlig.<\/p>\n<p>Tusind tak til Mormor og Thomas!<\/p>\n<p>Kontaktinfo:<\/p>\n<p>e: anne@frkryberg.dk<\/p>\n<p>t: 22915821<\/p>\n","protected":false},"excerpt":{"rendered":"<p>Fr\u00f8ken Ryberg referer til to fantastiske kvinder i mit liv. Min egen mormor som altid har st\u00f8tte mig og som jeg husker siddende i sin stol med h\u00e6klet\u00f8jet, mens vi talte i timevis. Hos hende fandt jeg altid ro og forst\u00e5else og det l\u00e5 hende meget p\u00e5 sinde at jeg&#8230;<\/p>\n","protected":false},"author":1,"featured_media":0,"parent":0,"menu_order":4,"comment_status":"closed","ping_status":"closed","template":"","meta":{"ngg_post_thumbnail":0,"footnotes":""},"class_list":["post-54","page","type-page","status-publish","hentry"],"_links":{"self":[{"href":"https:\/\/www.frkryberg.dk\/index.php\/wp-json\/wp\/v2\/pages\/54","targetHints":{"allow":["GET"]}}],"collection":[{"href":"https:\/\/www.frkryberg.dk\/index.php\/wp-json\/wp\/v2\/pages"}],"about":[{"href":"https:\/\/www.frkryberg.dk\/index.php\/wp-json\/wp\/v2\/types\/page"}],"author":[{"embeddable":true,"href":"https:\/\/www.frkryberg.dk\/index.php\/wp-json\/wp\/v2\/users\/1"}],"replies":[{"embeddable":true,"href":"https:\/\/www.frkryberg.dk\/index.php\/wp-json\/wp\/v2\/comments?post=54"}],"version-history":[{"count":5,"href":"https:\/\/www.frkryberg.dk\/index.php\/wp-json\/wp\/v2\/pages\/54\/revisions"}],"predecessor-version":[{"id":149,"href":"https:\/\/www.frkryberg.dk\/index.php\/wp-json\/wp\/v2\/pages\/54\/revisions\/149"}],"wp:attachment":[{"href":"https:\/\/www.frkryberg.dk\/index.php\/wp-json\/wp\/v2\/media?parent=54"}],"curies":[{"name":"wp","href":"https:\/\/api.w.org\/{rel}","templated":true}]}}